its digit of m(-8)?
6
Let t(m) = -m - 3*m**2 + 2*m - 9*m + 6*m**3 - 5*m**3. Let y(w) = -w**3 + 9*w**2 + 10*w + 5. Let u be y(10). What is the tens digit of t(u)?
1
Suppose z + 748 = 3*y + y, -2*y = -3*z - 2264. Let v = z + 1091. What is the units digit of v?
5
Let q(o) = 2847*o**3 + 8*o**2 - 9*o - 15. What is the tens digit of q(2)?
7
Let f be 1 + -2 - (-58176)/64. Let a = -289 + f. What is the hundreds digit of a?
6
Let b be (-47027)/(-123) - -1*(-2)/(-3). Let k = b + -69. What is the tens digit of k?
1
Let y(r) = 188*r - 298. Let h(k) = 189*k - 293. Let w(a) = 3*h(a) - 2*y(a). What is the units digit of w(6)?
3
Let l be (0 - -10)/(5 - 3). Let y(n) = 3*n**2 + 21*n + 17. Let d(a) = 5*a**2 + 31*a + 25. Let v(m) = l*d(m) - 8*y(m). What is the units digit of v(14)?
3
Let m(f) = 13*f**2 - 66*f + 372. What is the units digit of m(5)?
7
Let l = -3547 + 3957. What is the tens digit of l?
1
What is the tens digit of 0 + 479848/80 - 3/30?
9
Let s(b) = -b**2 - 4*b + 3. Let p be s(-5). Let q be (2 - p) + (1 - 2). What is the units digit of (-1 + q/(-6))*(-474)/9?
9
Suppose 0 = -18*r + 20*r. Let k be 1/(8/4)*r/(-2). Suppose k = c - 9*c + 288. What is the tens digit of c?
3
Let c(n) = 3872*n**2 - 70*n - 232. What is the ten thousands digit of c(-3)?
3
What is the tens digit of 230/(-184) - (-15)/(-4) - -12933?
2
What is the units digit of ((-1092)/208)/((21/4500)/(-7))?
5
Suppose -8*i = -9*i - 1912. Let w = i - -3379. What is the tens digit of w?
6
Suppose -12 + 35 = 5*s - 2*m, 7 = s + 2*m. Let b(n) = -s*n + 26 + 3*n + 2. What is the tens digit of b(-16)?
6
What is the thousands digit of -51*(-15)/(-27)*-3*(-836)/(-5)?
4
Suppose -25 = -5*t, -7*t = 5*i - 5*t - 2255. Let s = i + -260. What is the hundreds digit of s?
1
Suppose -5*y + 55 - 30 = 0. Suppose y*s - s = 7*s. Suppose s = -99*m + 94*m + 5. What is the units digit of m?
1
Suppose 336*d = 325*d + 68442. What is the hundreds digit of d?
2
Suppose -o + 14 = u + 4, 32 = 4*u + 2*o. What is the tens digit of (-9 - -7)*((-1311)/u + 2)?
3
Let s = 12721 - 6324. What is the hundreds digit of s?
3
Let m(d) = -7998*d + 32. What is the tens digit of m(-3)?
2
Suppose -4*b + z + 93 = 0, 2*b + 3*z = z + 34. Let x = 34 + b. Let i = 105 - x. What is the units digit of i?
9
Let m = 6421 - -3548. What is the units digit of m?
9
Let n be 29/3 + 2/(-3). Let a be (5 - n)*3/12. What is the units digit of (a + -7)/((-20)/60)?
4
Let q(m) = -2*m**2 + 8*m + 3. Let o be q(3). Let j(s) = s**3 - 8*s**2 - 9*s - 2. Let x be j(o). Let d = 135 - x. What is the units digit of d?
7
Let w be 27 + -27 + (-2 - -375). Suppose r - 5*a - w = 0, -3*r - 4*a = -7*a - 1119. What is the tens digit of r?
7
What is the hundreds digit of (785844/1008 + 12/(-14))*4?
1
Suppose 87 = 3*y - 108. Let k = 712 - 708. Let h = y - k. What is the tens digit of h?
6
Let s(b) = b**2 + b - 4. Let f be s(2). Suppose 5*g - 3*g + 2*j = 96, -f = 2*j. Suppose 0 = -h + g - 46. What is the units digit of h?
3
Let r(i) = -i**3 + 5*i**2 - i + 4. Let w be r(5). Let l be (-106)/10 - (3/(-5) - w). What is the tens digit of ((-32)/6 + -1)/(l/66)?
3
Let c(o) = 2257*o**3 - 12*o**2 - 15*o - 1. What is the tens digit of c(2)?
7
Let m(q) = 3*q**3 + 2*q**2 + 2. Let r be m(-3). Let p = r - -66. Suppose 425 = p*b - 75. What is the hundreds digit of b?
1
Let h(y) be the third derivative of y**6/120 + y**5/4 + 19*y**4/24 + 13*y**3/6 + 14*y**2 + 3*y. What is the hundreds digit of h(-13)?
1
Suppose 6*d + 120 = 10*d. Let x = d + -25. Suppose -x*t - 2*v + 5 = 0, -7*v + 1 = t - 2*v. What is the units digit of t?
1
What is the hundreds digit of (-302265)/(-90)*1*4/6?
2
Let f(t) = 2*t - 79. Let g be f(44). What is the hundreds digit of 3/(g/(-84))*(-290)/40?
2
Suppose -194860 = -4*t + 2*n, -58*t + 55*t + 4*n = -146130. What is the hundreds digit of t?
7
Suppose 57*f - 95*f - 103*f + 1460619 = 0. What is the tens digit of f?
5
Let w(f) = 4*f + 53. Let m be w(-3). Suppose 5*i = 3*t + 3703, -38*i - 2225 = -m*i + 5*t. What is the tens digit of i?
4
Suppose 0 = -68*r - 2792 + 324160. What is the units digit of r?
6
Let z = -297 + 309. Suppose 0 = -z*x + 1120 + 5036. What is the tens digit of x?
1
Let y = 731 - 278. Let j = 769 - y. What is the units digit of j?
6
Let m(x) = -x**3 - 36*x**2 - 260*x + 107. What is the thousands digit of m(-32)?
4
Suppose 1560*u - 1555*u + 1400 = 0. What is the tens digit of (-7)/((-7)/30)*(-13216)/u?
1
Suppose 3*c + 44 = 5*v - 0*v, 4*v - 4*c - 32 = 0. What is the tens digit of 1 - -188 - (v - 13)?
9
Let i = -43608 - -105026. What is the ten thousands digit of i?
6
Let r be (10/(-3))/(-3 - 850/(-285)). Let g = r - 23. What is the units digit of g?
7
Let r = 61233 - 29647. What is the hundreds digit of r?
5
Let d = 4200 - 2425. Let z = -1107 + d. What is the units digit of z?
8
Suppose -385 - 1127 = -4*r - 4*y, -1134 = -3*r + 4*y. Let n = r + 490. What is the tens digit of n?
6
Suppose -d - 5*w = -395, 0 = -4*d + w - 394 + 1869. What is the units digit of d?
0
Let v(h) = -52*h - 4. Let o be v(-3). Let p be (-6)/(-8) - ((-15)/(-4))/5. Suppose 4*s - o = -p*s. What is the units digit of s?
8
Let y be (-26)/(-299) + (-1238)/(-46). Let l(t) = t**3 - 24*t**2 - 20*t - 25. What is the hundreds digit of l(y)?
6
What is the hundreds digit of -26 + (-2734479)/(-248) + (6/(-2))/24?
0
Let d(h) = 15*h - 21. Let x be (7 + -2)*21/35. What is the units digit of d(x)?
4
Let w(u) = 155*u**2 - 516*u + 22. What is the thousands digit of w(9)?
7
What is the units digit of (-1335)/6*(-760)/100?
1
Suppose -5*c + 1 + 9 = 0, 5*s - 67377 = 4*c. What is the units digit of s?
7
Suppose -79799 = -4*f + 3*w, 0 = 2*f + w - 9127 - 30770. What is the tens digit of f?
4
What is the hundreds digit of (37 + -53)/(-32) + 104669/2?
3
Let k = -98 + -43. Let p = k - -677. What is the hundreds digit of p?
5
Suppose -3*i + 21194 = d + 4928, -d = -2*i + 10849. What is the units digit of i?
3
Suppose -974 = -j + 5. Suppose 0 = -12*q + 5095 - j. What is the hundreds digit of q?
3
Let i = -422 + 603. Let s = 357 - i. What is the tens digit of s?
7
Let x(d) = -16*d - 70. Let r be x(-6). Suppose r*b - 20*b - 1656 = 0. What is the hundreds digit of b?
2
Suppose -4*f + 4 = -4*m, -4 = -2*f - 0*m + 3*m. Let i be (f/4)/((-5)/40). Suppose -2*t + 350 = 2*b, 3 = -i*b - 1. What is the tens digit of t?
7
Let v = -72 - -79. Suppose -5*w + 2*d + 0*d = -16, -4*w - v = 5*d. Suppose 5*f = -w*r + 268, 64 = f + 2*r + r. What is the tens digit of f?
5
Let b(z) = -3*z**2 + 39*z - 8. Let g be b(12). Let v(p) = -1 + 27*p**3 + 2 - 4*p + 6*p**2 - g*p**3 + 4*p**2. What is the hundreds digit of v(7)?
1
Suppose -63*o = -70*o + 21. Suppose 0 = -o*a + 2133 - 537. What is the tens digit of a?
3
Let j(g) = 2*g + 5 - g - 17*g. Let u(l) = -l**2 - 5*l + 297. Let i be u(-20). What is the units digit of j(i)?
3
Let u(y) = y**3 - 75*y**2 + 3*y + 12684. What is the thousands digit of u(0)?
2
Let l(k) = 252*k + 48 - 502*k + 252*k. What is the tens digit of l(11)?
7
Let t(a) = 430*a**3 + 7*a**2 + 228*a - 931. What is the thousands digit of t(4)?
7
Suppose 0 = 38*d - 15*d - 11*d - 13416. What is the tens digit of d?
1
Suppose 5*z = -p + 71, 9*z - 3 = 8*z - 3*p. Suppose 5*h - 42 = -4*x, 5*x = -h + 2*x + z. Suppose 0 = -h*l + 56 + 394. What is the tens digit of l?
7
What is the hundreds digit of 1459100/124 - (-38)/589?
7
Let x = -316 - -226. Let t = x - -155. Let g = t + -10. What is the units digit of g?
5
Let w(q) = -14 + 9*q - 3*q - 10*q. Let a be w(-7). Let t(o) = -o**3 + 13*o**2 + 14*o + 7. What is the units digit of t(a)?
7
Suppose -3*a + 5*p = -33378, 2*p - 55536 = -4*a - 11058. What is the ten thousands digit of a?
1
Let d = -36 - -36. Suppose -9 = 5*v - 3*o, 4*o - 12 = -5*v - 0*v. Suppose d = -4*n, v = -3*l - 5*n + 4*n + 198. What is the tens digit of l?
6
Let v(d) = -159*d**3 - d**2 + 8*d + 11. Let s be v(-2). Suppose 3*w = 3*r + 1269, 0 = -3*w - 0*w - 3*r + s. What is the units digit of w?
2
Let i(m) = 73*m**2 - 65*m - 71. What is the thousands digit of i(-11)?
9
Suppose 610034 + 441730 = 28*i. What is the hundreds digit of i?
5
Suppose 6 = -3*f + 4*b, 6*b - b - 15 = 0. Suppose f*k - u = 1, -3*u + 1 + 14 = 0. Suppose -11*g + 32 = -k*g. What is the units digit of g?
4
Let q = -8489 - -23312. What is the units digit of q?
3
Let n(m) = 2149*m +